{"id":36,"date":"2025-10-06T15:05:19","date_gmt":"2025-10-06T14:05:19","guid":{"rendered":"https:\/\/carrick-1905.fr\/?page_id=36"},"modified":"2025-10-06T15:05:19","modified_gmt":"2025-10-06T14:05:19","slug":"carrick-1905","status":"publish","type":"page","link":"https:\/\/carrick-1905.fr\/","title":{"rendered":"Carrick 1905"},"content":{"rendered":"\n<div class=\"wp-block-group alignfull is-style-section-1 has-global-padding is-layout-constrained wp-container-core-group-is-layout-cdf985e3 wp-block-group-is-layout-constrained is-style-section-1--1\" style=\"min-height:100vh;margin-top:0;margin-bottom:0;padding-top:var(--wp--preset--spacing--80);padding-right:var(--wp--preset--spacing--80);padding-bottom:var(--wp--preset--spacing--80);padding-left:var(--wp--preset--spacing--80)\">\n<div class=\"wp-block-columns alignwide are-vertically-aligned-center is-layout-flex wp-container-core-columns-is-layout-643ced6b wp-block-columns-is-layout-flex\">\n<div class=\"wp-block-column is-vertically-aligned-center is-layout-flow wp-block-column-is-layout-flow\">\n<figure class=\"wp-block-image aligncenter size-full has-custom-border\"><a href=\"https:\/\/carrick1905.wixsite.com\/carrick1905\/page-d-accueil\"><img loading=\"lazy\" decoding=\"async\" width=\"476\" height=\"590\" src=\"https:\/\/carrick-1905.fr\/wp-content\/uploads\/2025\/10\/Carrick-1905-Insigne-de-pointe-de-foulard-.jpg\" alt=\"\" class=\"wp-image-37\" style=\"border-top-left-radius:150px;border-bottom-right-radius:150px;object-fit:cover\" srcset=\"https:\/\/carrick-1905.fr\/wp-content\/uploads\/2025\/10\/Carrick-1905-Insigne-de-pointe-de-foulard-.jpg 476w, https:\/\/carrick-1905.fr\/wp-content\/uploads\/2025\/10\/Carrick-1905-Insigne-de-pointe-de-foulard--242x300.jpg 242w\" sizes=\"auto, (max-width: 476px) 100vw, 476px\" \/><\/a><\/figure>\n<\/div>\n\n\n\n<div class=\"wp-block-column is-vertically-aligned-center is-layout-flow wp-block-column-is-layout-flow\">\n<p><strong>L\u2019association \u201cCarrick-1905\u201d a \u00e9t\u00e9 constitu\u00e9e en f\u00e9vrier 2022 par un groupe de personnes ayant pratiqu\u00e9 et v\u00e9cu le scoutisme durant leur enfance et leur jeunesse, qui pour nombre d&rsquo;entre eux ont poursuivi leur engagement en tant qu&rsquo;adultes. Ces hommes et ces femmes&nbsp; se sont reconnus comme partageant un fort attachement \u00e0 l\u2019id\u00e9e de libert\u00e9 de conscience, \u00e0 l\u2019id\u00e9al humaniste et \u00e0&nbsp; l&rsquo;aspiration&nbsp; \u00e0 l\u2019Universel.<\/strong><\/p>\n\n\n\n<p><br>Ces fondateurs se sont donn\u00e9s pour objectifs de mettre en lumi\u00e8re la pertinence du lien entre scoutisme et la\u00efcit\u00e9 en mettant en valeur les principes, buts et caract\u00e9ristiques du scoutisme et du guidisme \u00e0 la lumi\u00e8re de l\u2019id\u00e9al la\u00efque.<\/p>\n<\/div>\n<\/div>\n<\/div>\n\n\n\n<figure class=\"wp-block-image size-full\"><a href=\"https:\/\/carrick1905.wixsite.com\/carrick1905\/page-d-accueil\"><img loading=\"lazy\" decoding=\"async\" width=\"620\" height=\"474\" src=\"https:\/\/carrick-1905.fr\/wp-content\/uploads\/2025\/10\/mv2.jpg\" alt=\"\" class=\"wp-image-42\" srcset=\"https:\/\/carrick-1905.fr\/wp-content\/uploads\/2025\/10\/mv2.jpg 620w, https:\/\/carrick-1905.fr\/wp-content\/uploads\/2025\/10\/mv2-300x229.jpg 300w\" sizes=\"auto, (max-width: 620px) 100vw, 620px\" \/><\/a><\/figure>\n\n\n\n<p><\/p>\n","protected":false},"excerpt":{"rendered":"<p>L\u2019association \u201cCarrick-1905\u201d a \u00e9t\u00e9 constitu\u00e9e en f\u00e9vrier 2022 par un groupe de personnes ayant pratiqu\u00e9 et v\u00e9cu le scoutisme durant leur enfance et leur jeunesse, qui pour nombre d&rsquo;entre eux ont poursuivi leur engagement en tant qu&rsquo;adultes. Ces hommes et ces femmes&nbsp; se sont reconnus comme partageant un fort attachement \u00e0 l\u2019id\u00e9e de libert\u00e9 de [&hellip;]<\/p>\n","protected":false},"author":1,"featured_media":0,"parent":0,"menu_order":0,"comment_status":"closed","ping_status":"closed","template":"","meta":{"footnotes":""},"class_list":["post-36","page","type-page","status-publish","hentry"],"_links":{"self":[{"href":"https:\/\/carrick-1905.fr\/index.php?rest_route=\/wp\/v2\/pages\/36","targetHints":{"allow":["GET"]}}],"collection":[{"href":"https:\/\/carrick-1905.fr\/index.php?rest_route=\/wp\/v2\/pages"}],"about":[{"href":"https:\/\/carrick-1905.fr\/index.php?rest_route=\/wp\/v2\/types\/page"}],"author":[{"embeddable":true,"href":"https:\/\/carrick-1905.fr\/index.php?rest_route=\/wp\/v2\/users\/1"}],"replies":[{"embeddable":true,"href":"https:\/\/carrick-1905.fr\/index.php?rest_route=%2Fwp%2Fv2%2Fcomments&post=36"}],"version-history":[{"count":3,"href":"https:\/\/carrick-1905.fr\/index.php?rest_route=\/wp\/v2\/pages\/36\/revisions"}],"predecessor-version":[{"id":44,"href":"https:\/\/carrick-1905.fr\/index.php?rest_route=\/wp\/v2\/pages\/36\/revisions\/44"}],"wp:attachment":[{"href":"https:\/\/carrick-1905.fr\/index.php?rest_route=%2Fwp%2Fv2%2Fmedia&parent=36"}],"curies":[{"name":"wp","href":"https:\/\/api.w.org\/{rel}","templated":true}]}}